- 3 = y. What are the prime factors of v?
5
Suppose 25 = f + 4*f. Suppose -f = s - 5*i + 4, 2*s = 4*i - 6. Suppose s = t - 14. List the prime factors of t.
3, 5
Suppose 0 = g - 0 - 1. Let t be (-10*g)/(2/(-4)). Suppose -3*y - 2 = -t. What are the prime factors of y?
2, 3
Let x(k) = -3*k + 3. Let p be -1*6/(-2)*-1. What are the prime factors of x(p)?
2, 3
Suppose 8*m = 3*m - 20. Let c be ((-6)/4)/((-2)/m). What are the prime factors of c/(1/2*-1)?
2, 3
Suppose -5*u + 48 = -u. Let s be 0 + 0/(-3) - 7. Let w = u + s. List the prime factors of w.
5
Suppose 0*q + 2*q = -2. What are the prime factors of q/(-2) + 11/2?
2, 3
Suppose 30 = 5*y - 5. Suppose -3*f + y = -5*t + 23, -2*t - 5*f + 25 = 0. What are the prime factors of t?
5
Let x(b) = 8*b + 10. List the prime factors of x(3).
2, 17
Suppose -8 = -2*s - 2*s. List the prime factors of s.
2
Suppose 4*h - 421 = -3*s - 47, 3*h - 2*s = 272. What are the prime factors of h?
2, 23
Suppose -2*x - 51 = 3*o, -3*o = 1 + 8. Let c be (-6)/x + 68/7. What are the prime factors of -1 + c + (5 - 5)?
3
Let k(n) = 19*n**2 + n + 2. List the prime factors of k(2).
2, 5
Suppose 0 = -9*d - 475 + 1780. What are the prime factors of d?
5, 29
Let y be 3/((-2)/(3 + -5)). Suppose 4*j = -2*f + 28 - 4, 0 = f - y*j + 13. What are the prime factors of f?
2
List the prime factors of 37/2 + (-14)/28.
2, 3
Suppose s + 2 = h, -2*s = h - s. What are the prime factors of (3 - -9) + (-1)/h?
11
Let d be (-1)/(-1) + 1*2. Suppose 39 = 3*r + d. List the prime factors of r.
2, 3
Let b(d) = -d**3 + 6*d**2 + 5*d - 3. Let g be b(7). Let m = -1 - g. Suppose -5*o + o = -m. List the prime factors of o.
2
Suppose 0 = 4*g - 7*g + 339. What are the prime factors of g?
113
Let t = 8 + -11. List the prime factors of (t/(-2))/((-3)/(-20)).
2, 5
Suppose 3*k - 142 = -x + 69, -k - 429 = -2*x. List the prime factors of x.
2, 107
Let y(t) = 2*t**3 - 8*t + 6. What are the prime factors of y(4)?
2, 3, 17
Suppose 17*f = 15*f + 22. List the prime factors of f.
11
Suppose 5*d = 4*t + 87, d - 2*d + 3*t + 13 = 0. What are the prime factors of d?
19
Let k(r) = 22*r**3 - 2*r**2 + r. Let a = -8 - -9. What are the prime factors of k(a)?
3, 7
Suppose -4*n + 2*n = -4. List the prime factors of n.
2
What are the prime factors of 4/1 - (-19)/(133/1190)?
2, 3, 29
Suppose 12 = -2*g + 7*g - 2*p, -3*g - 2*p + 20 = 0. Suppose 0 = -4*o - g*k + 64, 0 = 2*o - 5*k - 16 - 30. What are the prime factors of o?
2, 3
Suppose 16*t - 14*t - 42 = 0. What are the prime factors of t?
3, 7
Let t = 178 + 8. List the prime factors of t.
2, 3, 31
Let y = 13 - -7. List the prime factors of y.
2, 5
Let z be (-6)/(-2) - (2 + -1). Let n(p) = -z - p**2 - 8*p + 0 + 16*p. List the prime factors of n(7).
5
Let q be (-2)/(-4) + (-6)/4. Let p be (q*(-4)/2)/2. List the prime factors of (p - (-2)/6)*12.
2
Let m be 8/5 - (-6)/15. Suppose m*z - 1 = 11. What are the prime factors of z?
2, 3
Let h be (2 - 0)*65/(-10). Let g = 42 + h. Suppose -g = -5*k + 26. What are the prime factors of k?
11
Let k(o) = -o**3 - 11*o**2 + 13*o + 14. Let d be k(-12). What are the prime factors of 5/((-1)/(d - 3))?
5
Suppose 97 = 3*b + 13. List the prime factors of b.
2, 7
Suppose 4*z = -2*y + 168, y - 2*y + 78 = 4*z. What are the prime factors of y?
2, 3, 5
Let s(c) = 74*c + 2. What are the prime factors of s(1)?
2, 19
Suppose -4*a = -8*a + 88. What are the prime factors of a?
2, 11
Let w(b) = -b**2 + b - 1. Let m(q) = q**3 - 17*q**2 - 14*q + 3. Let j(u) = m(u) - 2*w(u). List the prime factors of j(16).
5
List the prime factors of (2/6)/((-2)/(-54)).
3
Suppose 0*f = 5*f. Let w be (6 - (-9)/(-3)) + f. Suppose 0 = -w*m + 14 + 1. List the prime factors of m.
5
Let g = -2 - -11. Let d = 11 - g. What are the prime factors of d?
2
Suppose -4 = w - 6. Suppose 12 = o + w. List the prime factors of o.
2, 5
Suppose 730 = 6*m + 190. List the prime factors of m.
2, 3, 5
Suppose 11*b = 8*b + 966. List the prime factors of b.
2, 7, 23
Let n(q) = 6*q**2 - 7*q - 12. List the prime factors of n(-3).
3, 7
Suppose z + 435 = 5*i, -4*i = 3*z - z - 348. Let p = -51 + i. List the prime factors of p.
2, 3
Suppose -2*n + 552 = n. List the prime factors of n.
2, 23
Let s(n) = -2*n - 7. Let l be s(-6). Suppose l*w = -0*w. Suppose w*y = -3*y + 9. List the prime factors of y.
3
Suppose -6*r + 202 = -140. What are the prime factors of r?
3, 19
Suppose 416 = -0*p + 4*p. Suppose 5*b = -0*b + 4*i - 136, -5*b - 4*i = p. List the prime factors of b/(-2) + 1*-2.
2, 5
Let b be (-8)/36 - (-38)/9. Suppose 3*d - 2*d = 2*z - 5, -b*d = -3*z. List the prime factors of d.
3
Suppose 2 + 0 = a. Suppose -3*o = a*o - 25. List the prime factors of o.
5
Let i(n) = -n - 2. Suppose 2*t + 1 = -9. Let o be i(t). Let f = o + 8. What are the prime factors of f?
11
Let f(r) = 2*r**2 + 9*r + 13. What are the prime factors of f(-9)?
2, 47
Suppose 2*o + 4*l = 5*o - 49, 4*o - 3*l = 63. What are the prime factors of o?
3, 5
Let b = 1 - 4. Let u be 2/(-3) - (-16)/b. List the prime factors of (18/10)/(u/(-20)).
2, 3
Suppose -27 - 19 = -2*i. Suppose 2*m - i = 3*h, 2*h + 27 = 3*m - h. Suppose 5*n + m = -4*o, -o + 16 = n - 4*n. What are the prime factors of o?
2
Let o(k) = -k**3 + 4*k**2 + 2*k - 2. Let u(l) = -l + 2. Let b be u(-2). What are the prime factors of o(b)?
2, 3
Let k = 12 - 8. Let h(b) = b**2 - 4*b. Let c be h(k). Suppose c = -3*w - 3*u + 15, u = 3*w + 2*u - 19. List the prime factors of w.
7
What are the prime factors of (-96)/56 - -2 - (-1662)/14?
7, 17
Let n(b) = 17*b**2 - 1. Suppose 0 = 5*m + l - 8, 4*l - 14 = 3*m - 5*m. Let h = 2 - m. What are the prime factors of n(h)?
2
Let d(p) = -p**3 + p**2. Let m(u) = -4*u**3 + 7*u**2 - 3*u + 1. Let g(h) = 3*d(h) - m(h). List the prime factors of g(4).
11
What are the prime factors of (-1396)/(-24) + (-2)/12?
2, 29
Suppose 2*b = -4*m + 160, 2*m - 84 = -b + 4*m. What are the prime factors of b?
2, 41
Suppose -u + 1 = -1. Suppose 2*o - o = u. Suppose -o*p = -4*p + 24. List the prime factors of p.
2, 3
Suppose -2*g + 7*g = 30. Suppose -g*j = -2*j. Suppose 0 = -4*t + 3 - 19, j = -5*h + 2*t + 53. List the prime factors of h.
3
Let r = -3 + 6. Suppose r*p = p. Suppose 3*d - 1 - 5 = p. What are the prime factors of d?
2
Suppose -v = -t - 1, -3*t - 5*v = -10 - 19. What are the prime factors of t?
3
List the prime factors of ((-14)/14)/(1/(-41)).
41
Let f be 2/(-11) + (-105)/(-33). Suppose 4 = 4*c - 2*m, f*c - 23 + 2 = -3*m. List the prime factors of c.
3
Suppose 346 + 35 = 3*c. Let a = c + -90. What are the prime factors of a?
37
Let u be -6*-4*3/(-18). Let o be (-38)/4 - 2/u. List the prime factors of 1/((0 - 1)/o).
3
Suppose 3*u = 4*u - 5. Suppose 4 = u*k - 31. What are the prime factors of k?
7
Let s(i) = i**2 - 3*i - 13. Let c be s(10). List the prime factors of -2*c/(-6) + 1.
2, 5
Suppose 2*j + 6 - 4 = 2*p, 0 = -p + 4. Suppose -j*s + 1 + 5 = 0. List the prime factors of 2 - (-2 - s)*3.
2, 7
Let q be 134 + -1 - (9 + -6). Suppose -5*r + q = -5*h, r = 5*h + 16 + 10. List the prime factors of r.
2, 13
Suppose 3*s + 5*d = 6*d + 316, 0 = s + 5*d - 84. What are the prime factors of s?
2, 13
Let d(o) = o - 1. Let l be d(3). Let t = 4 - l. Suppose 0 = j + t*i - 9, j + 3*i = -i + 13. List the prime factors of j.
5
Suppose 9 = y + q - 3*q, 0 = 2*y - 2*q - 10. What are the prime factors of y*(0 + 33/3)?
11
Let y(t) = t**2 - 6*t + 2. Let r = -12 - -18. Let u be y(r). Let l(x) = 7*x - 3. List the prime factors of l(u).
11
Let k = 20 - 19. List the prime factors of 1 + (74/k)/2.
2, 19
Let s(u) = -u**3 - 9*u**2 - u - 1. Let r be s(-9). Let g(d) = d - 5 - d**3 + d - d + r*d**2 + 2*d. What are the prime factors of g(8)?
19
Suppose 2*k - 3*d = 59, -2*k = -4*d + 2*d - 56. What are the prime factors of k?
5
Suppose -8*v - 41 = -9*v. List the prime factors of v.
41
Suppose -185 = -2*k - 35. What are the prime factors of k?
3, 5
Let x(g) = 12*g**2 + 2*g - 2. List the prime factors of x(-2).
2, 3, 7
Let k = 9 + -8. Let n(r) = 9*r + 1. Let x be n(k). Let m(p) = -p**2 + 11*p. What are the prime factors of m(x)?
2, 5
What are the prime factors of (-15)/(-4)*(15 + (-5 - -2))?
3, 5
Let z(d) = 2*d - d**3 + 4*d**3 - d**3 - 10*d**2 - 2 + 6*d. Let j(q) = q**2 - q. Let t(k) = 5*j(k) + z(k). What are the prime factors of t(3)?
2
Suppose 5 = d + 1. Suppose 6 = 5*g - d. S